{"id":7909,"date":"2024-02-21T17:59:01","date_gmt":"2024-02-21T17:59:01","guid":{"rendered":"https:\/\/mimilandtiendafriki.com.ar\/?post_type=product&#038;p=7909"},"modified":"2026-01-30T17:30:29","modified_gmt":"2026-01-30T17:30:29","slug":"remera-caza-fantasma","status":"publish","type":"product","link":"https:\/\/mimilandtiendafriki.com.ar\/?product=remera-caza-fantasma","title":{"rendered":"REMERA CAZA FANTASMA"},"content":{"rendered":"<p>&nbsp;<\/p>\n<p>LA REME QUE BUSCAS<\/p>\n<p>ALGODON SUAVE 24\/1 PEINADO DE PRIMERA CALIDAD<\/p>\n<p>ESTAMPA GRANDE Y DURADERAS<\/p>\n<p>SERIGRAFIA COLOR X COLOR<\/p>\n<p>DOBLE ESTAMPA (FRENTE Y ESPALDA)<\/p>\n<p>IMPORTANTE!!!<\/p>\n<p>El tiempo en preparaci\u00f3n y despacho es de 3 a 7 d\u00edas h\u00e1biles. Tenga en cuenta que en la fecha estimada de entrega, no est\u00e1 contemplada nuestra demora. Y para retiro por nuestro local,\u00a0 debe comunicarse antes\u00a0 por WhatsApp para coordinar\u00a0 &#8230;.<\/p>\n<p>gracias por su compra<\/p>\n<p>&nbsp;<\/p>\n","protected":false},"excerpt":{"rendered":"<p>&nbsp; LA REME QUE BUSCAS ALGODON SUAVE 24\/1 PEINADO DE PRIMERA CALIDAD ESTAMPA GRANDE Y DURADERAS SERIGRAFIA COLOR X COLOR DOBLE ESTAMPA (FRENTE Y ESPALDA) IMPORTANTE!!! El tiempo en preparaci\u00f3n y despacho es de 3 a 7 d\u00edas h\u00e1biles. Tenga&#8230; <a class=\"di-continue-reading\" href=\"https:\/\/mimilandtiendafriki.com.ar\/?product=remera-caza-fantasma\"> Continue Reading&#8230;<\/a><\/p>\n","protected":false},"featured_media":7859,"comment_status":"open","ping_status":"closed","template":"","meta":[],"product_cat":[79,136],"product_tag":[239],"_links":{"self":[{"href":"https:\/\/mimilandtiendafriki.com.ar\/index.php?rest_route=\/wp\/v2\/product\/7909"}],"collection":[{"href":"https:\/\/mimilandtiendafriki.com.ar\/index.php?rest_route=\/wp\/v2\/product"}],"about":[{"href":"https:\/\/mimilandtiendafriki.com.ar\/index.php?rest_route=\/wp\/v2\/types\/product"}],"replies":[{"embeddable":true,"href":"https:\/\/mimilandtiendafriki.com.ar\/index.php?rest_route=%2Fwp%2Fv2%2Fcomments&post=7909"}],"version-history":[{"count":4,"href":"https:\/\/mimilandtiendafriki.com.ar\/index.php?rest_route=\/wp\/v2\/product\/7909\/revisions"}],"predecessor-version":[{"id":7918,"href":"https:\/\/mimilandtiendafriki.com.ar\/index.php?rest_route=\/wp\/v2\/product\/7909\/revisions\/7918"}],"wp:featuredmedia":[{"embeddable":true,"href":"https:\/\/mimilandtiendafriki.com.ar\/index.php?rest_route=\/wp\/v2\/media\/7859"}],"wp:attachment":[{"href":"https:\/\/mimilandtiendafriki.com.ar\/index.php?rest_route=%2Fwp%2Fv2%2Fmedia&parent=7909"}],"wp:term":[{"taxonomy":"product_cat","embeddable":true,"href":"https:\/\/mimilandtiendafriki.com.ar\/index.php?rest_route=%2Fwp%2Fv2%2Fproduct_cat&post=7909"},{"taxonomy":"product_tag","embeddable":true,"href":"https:\/\/mimilandtiendafriki.com.ar\/index.php?rest_route=%2Fwp%2Fv2%2Fproduct_tag&post=7909"}],"curies":[{"name":"wp","href":"https:\/\/api.w.org\/{rel}","templated":true}]}}