{"id":11694,"date":"2026-05-06T16:04:48","date_gmt":"2026-05-06T16:04:48","guid":{"rendered":"https:\/\/mimilandtiendafriki.com.ar\/?post_type=product&#038;p=11694"},"modified":"2026-05-06T16:33:37","modified_gmt":"2026-05-06T16:33:37","slug":"mike-ehrmantraut-better-call-saul","status":"publish","type":"product","link":"https:\/\/mimilandtiendafriki.com.ar\/?product=mike-ehrmantraut-better-call-saul","title":{"rendered":"A &#8211;     MIKE EHRMANTRAUT BETTER CALL SAUL"},"content":{"rendered":"<p>BETTER CALL SAUL<\/p>\n<p>&nbsp;<\/p>\n<h1 id=\"title\" class=\"a-size-large a-spacing-none\"><span id=\"productTitle\" class=\"a-size-large product-title-word-break\">Royal Bobbles Better Call Saul Mike Ehrmantraut Bobblehead, Figura Realista de poliresina Premium, n\u00famero de Serie \u00fanico, Detalle Exquisito<\/span><\/h1>\n<p>MEDIDA APROX 10 CM<\/p>\n<ul class=\"a-unordered-list a-vertical a-spacing-mini\">\n<li class=\"a-spacing-mini\"><span class=\"a-list-item\">Creado por Royal Bobbles cuya reputaci\u00f3n de buenos e intrincadamente detallados bubbleheads es bien conocida entre los coleccionistas<\/span><\/li>\n<li class=\"a-spacing-mini\"><span class=\"a-list-item\">Figuras realistas, detalles exquisitos: ya que cada cabeza se investiga cuidadosamente, fabricado con cuidado y extremadamente detallado. Royal Bobbles est\u00e1 liderando la industria con sus semejanzas realistas y realistas, haci\u00e9ndolas como en casa en cualquier entorno.<\/span><\/li>\n<\/ul>\n<p>&nbsp;<\/p>\n<p>IMPORTANTE !!<\/p>\n<p>ENVIO X CORREO<\/p>\n<p>EL PLAZO DE ENTREGA ESTIMADO ES DE 7 A 10 DIAS HABILES\u00a0 A PARTIR DE LA CONFIRMACION DE LA COMPRA , SIN EMBARGO EL ENVIO PUEDE VARIAR DEPENDIENDO DE NUESTRA DEMORA EN EL PRECESAMIENTO Y LA DEMORA DEL CORREO CON EL QUE SE ENVIA.<\/p>\n<p>&nbsp;<\/p>\n<p>&nbsp;<\/p>\n<p>-RETIRO POR SUCURSAL<\/p>\n<p>EL PLAZO ES DE ENTREGA ES DE 3 A 7 DIAS HABILES A PARTIR DE LA CONFIRMACION DE LA COMPRA .<\/p>\n<p>PARA RETIRAR SU COMPRA X\u00a0 SUCURSAL , POR FAVOR\u00a0 COMUNIQUESE PREVIAMENTE CON NUESTRO EQUIPO PARA COORDINAR LA FECHA Y HORA DE RETIRO.<\/p>\n<p>NO SE REALIZARAN ENTREGAS SIN PREVIO AVISO .<\/p>\n<p>&nbsp;<\/p>\n<p>WHATSAPP\u00a0 1164954727<\/p>\n<p>&nbsp;<\/p>\n<p>MUCHAS GRACIAS X SU COMPRA<\/p>\n<p>&nbsp;<\/p>\n<p>&nbsp;<\/p>\n","protected":false},"excerpt":{"rendered":"<p>BETTER CALL SAUL &nbsp; Royal Bobbles Better Call Saul Mike Ehrmantraut Bobblehead, Figura Realista de poliresina Premium, n\u00famero de Serie \u00fanico, Detalle Exquisito MEDIDA APROX 10 CM Creado por Royal Bobbles cuya reputaci\u00f3n de buenos e intrincadamente detallados bubbleheads es&#8230; <a class=\"di-continue-reading\" href=\"https:\/\/mimilandtiendafriki.com.ar\/?product=mike-ehrmantraut-better-call-saul\"> Continue Reading&#8230;<\/a><\/p>\n","protected":false},"featured_media":11687,"comment_status":"open","ping_status":"closed","template":"","meta":[],"product_cat":[281],"product_tag":[359],"_links":{"self":[{"href":"https:\/\/mimilandtiendafriki.com.ar\/index.php?rest_route=\/wp\/v2\/product\/11694"}],"collection":[{"href":"https:\/\/mimilandtiendafriki.com.ar\/index.php?rest_route=\/wp\/v2\/product"}],"about":[{"href":"https:\/\/mimilandtiendafriki.com.ar\/index.php?rest_route=\/wp\/v2\/types\/product"}],"replies":[{"embeddable":true,"href":"https:\/\/mimilandtiendafriki.com.ar\/index.php?rest_route=%2Fwp%2Fv2%2Fcomments&post=11694"}],"version-history":[{"count":5,"href":"https:\/\/mimilandtiendafriki.com.ar\/index.php?rest_route=\/wp\/v2\/product\/11694\/revisions"}],"predecessor-version":[{"id":11706,"href":"https:\/\/mimilandtiendafriki.com.ar\/index.php?rest_route=\/wp\/v2\/product\/11694\/revisions\/11706"}],"wp:featuredmedia":[{"embeddable":true,"href":"https:\/\/mimilandtiendafriki.com.ar\/index.php?rest_route=\/wp\/v2\/media\/11687"}],"wp:attachment":[{"href":"https:\/\/mimilandtiendafriki.com.ar\/index.php?rest_route=%2Fwp%2Fv2%2Fmedia&parent=11694"}],"wp:term":[{"taxonomy":"product_cat","embeddable":true,"href":"https:\/\/mimilandtiendafriki.com.ar\/index.php?rest_route=%2Fwp%2Fv2%2Fproduct_cat&post=11694"},{"taxonomy":"product_tag","embeddable":true,"href":"https:\/\/mimilandtiendafriki.com.ar\/index.php?rest_route=%2Fwp%2Fv2%2Fproduct_tag&post=11694"}],"curies":[{"name":"wp","href":"https:\/\/api.w.org\/{rel}","templated":true}]}}