{"id":10218,"date":"2025-07-30T18:37:12","date_gmt":"2025-07-30T18:37:12","guid":{"rendered":"https:\/\/mimilandtiendafriki.com.ar\/?post_type=product&#038;p=10218"},"modified":"2026-01-21T16:53:32","modified_gmt":"2026-01-21T16:53:32","slug":"remera-osito-simpsons","status":"publish","type":"product","link":"https:\/\/mimilandtiendafriki.com.ar\/?product=remera-osito-simpsons","title":{"rendered":"REMERA OSITO SIMPSONS"},"content":{"rendered":"<p>REMERA<\/p>\n<p>ALGODON PREMIUM<\/p>\n<p>EXCELENTE CALIDAD<\/p>\n<p>HERMOSA ESTAMPA<\/p>\n<p>&nbsp;<\/p>\n<p>&nbsp;<\/p>\n<p>IMPORTANTE!<\/p>\n<p>ENVIO X CORREO ARGENTINO<\/p>\n<p>El tiempo en preparaci\u00f3n y despacho es de 3 a 7 d\u00edas h\u00e1biles. Tenga en cuenta que en la fecha estimada de entrega, no est\u00e1 contemplada nuestra demora.<\/p>\n<p>&nbsp;<\/p>\n<p>ENVIO RAPIDO<\/p>\n<p>COMUNIQUESE\u00a0 AL WHATSAPP Y COORDINAMOS<\/p>\n<p>&nbsp;<\/p>\n<p>RETIRO X SUCURSAL<\/p>\n<p>Y para retiro por nuestro local,\u00a0 debe comunicarse antes\u00a0 por WhatsApp para coordinar\u00a0 &#8230;.<\/p>\n<p>gracias por su compra!!!<\/p>\n<p>MIMI LAND<\/p>\n<p>&nbsp;<\/p>\n<p>&nbsp;<\/p>\n<p>&nbsp;<\/p>\n<p>&nbsp;<\/p>\n<p>&nbsp;<\/p>\n<table cellpadding=\"5px\">\n<thead>\n<tr>\n<th>TALLE<\/th>\n<th>ANCHO<\/th>\n<th>LARGO TOTAL<\/th>\n<th>MANGAS<\/th>\n<\/tr>\n<\/thead>\n<tbody>\n<tr>\n<td>XS<\/td>\n<td>47 cm<\/td>\n<td>65 cm<\/td>\n<td>22 cm<\/td>\n<\/tr>\n<tr>\n<td>S<\/td>\n<td>49 cm<\/td>\n<td>68 cm<\/td>\n<td>22 cm<\/td>\n<\/tr>\n<tr>\n<td>M<\/td>\n<td>50 cm<\/td>\n<td>69 cm<\/td>\n<td>23 cm<\/td>\n<\/tr>\n<tr>\n<td>L<\/td>\n<td>52 cm<\/td>\n<td>73 cm<\/td>\n<td>23 cm<\/td>\n<\/tr>\n<tr>\n<td>XL<\/td>\n<td>55 cm<\/td>\n<td>77 cm<\/td>\n<td>24 cm<\/td>\n<\/tr>\n<tr>\n<td>XXL<\/td>\n<td>57 cm<\/td>\n<td>78 cm<\/td>\n<td>24 cm<\/td>\n<\/tr>\n<tr>\n<td>XXXL<\/td>\n<td>61 cm<\/td>\n<td>81 cm<\/td>\n<td>24 cm<\/td>\n<\/tr>\n<\/tbody>\n<\/table>\n","protected":false},"excerpt":{"rendered":"<p>REMERA ALGODON PREMIUM EXCELENTE CALIDAD HERMOSA ESTAMPA &nbsp; &nbsp; IMPORTANTE! ENVIO X CORREO ARGENTINO El tiempo en preparaci\u00f3n y despacho es de 3 a 7 d\u00edas h\u00e1biles. Tenga en cuenta que en la fecha estimada de entrega, no est\u00e1 contemplada&#8230; <a class=\"di-continue-reading\" href=\"https:\/\/mimilandtiendafriki.com.ar\/?product=remera-osito-simpsons\"> Continue Reading&#8230;<\/a><\/p>\n","protected":false},"featured_media":10219,"comment_status":"open","ping_status":"closed","template":"","meta":[],"product_cat":[79,136,138],"product_tag":[137],"_links":{"self":[{"href":"https:\/\/mimilandtiendafriki.com.ar\/index.php?rest_route=\/wp\/v2\/product\/10218"}],"collection":[{"href":"https:\/\/mimilandtiendafriki.com.ar\/index.php?rest_route=\/wp\/v2\/product"}],"about":[{"href":"https:\/\/mimilandtiendafriki.com.ar\/index.php?rest_route=\/wp\/v2\/types\/product"}],"replies":[{"embeddable":true,"href":"https:\/\/mimilandtiendafriki.com.ar\/index.php?rest_route=%2Fwp%2Fv2%2Fcomments&post=10218"}],"version-history":[{"count":3,"href":"https:\/\/mimilandtiendafriki.com.ar\/index.php?rest_route=\/wp\/v2\/product\/10218\/revisions"}],"predecessor-version":[{"id":10598,"href":"https:\/\/mimilandtiendafriki.com.ar\/index.php?rest_route=\/wp\/v2\/product\/10218\/revisions\/10598"}],"wp:featuredmedia":[{"embeddable":true,"href":"https:\/\/mimilandtiendafriki.com.ar\/index.php?rest_route=\/wp\/v2\/media\/10219"}],"wp:attachment":[{"href":"https:\/\/mimilandtiendafriki.com.ar\/index.php?rest_route=%2Fwp%2Fv2%2Fmedia&parent=10218"}],"wp:term":[{"taxonomy":"product_cat","embeddable":true,"href":"https:\/\/mimilandtiendafriki.com.ar\/index.php?rest_route=%2Fwp%2Fv2%2Fproduct_cat&post=10218"},{"taxonomy":"product_tag","embeddable":true,"href":"https:\/\/mimilandtiendafriki.com.ar\/index.php?rest_route=%2Fwp%2Fv2%2Fproduct_tag&post=10218"}],"curies":[{"name":"wp","href":"https:\/\/api.w.org\/{rel}","templated":true}]}}